421
-6c1965 (base 16) to base 5
-3303200024
What is 35255242 (base 8) in base 6?
432502030
Convert 35690 (base 13) to base 11.
67529
What is -3344031 (base 7) in base 3?
-210001101220
a4971 (base 14) to base 8
1407307
What is -201212100000 (base 3) in base 7?
-3215622
1521ea8 (base 15) to base 3
1001210002101112
Convert -12054455 (base 6) to base 14.
-9ca9d
9d4878 (base 16) to base 7
153420421
Convert -10120201020 (base 3) to base 10.
-70503
What is 281940 (base 13) in base 6?
32521100
What is -1b82c6c (base 13) in base 2?
-100010111000111010110000
3134021 (base 5) to base 13
1aac9
Convert 191612 (base 12) to base 8.
1527456
6997a6 (base 11) to base 9
2073023
3780763 (base 9) to base 13
571cc5
What is -4421330 (base 6) in base 16?
-35df6
11403324 (base 5) to base 8
320332
Convert -5401463 (base 7) to base 9.
-1208842
215053 (base 6) to base 9
26566
Convert 205444 (base 10) to base 13.
72685
Convert 2d49cd (base 15) to base 9.
4111604
Convert 1010010011011111 (base 2) to base 4.
22103133
-6449456 (base 10) to base 3
-110010122222202
What is -324340 (base 5) in base 15?
-34d0
-740520 (base 10) to base 12
-2b8660
What is 10010010010100001001 (base 2) in base 8?
2222411
Convert 5cc58 (base 13) to base 9.
280840
-20103221 (base 4) to base 11
-23622
What is -4555074 (base 9) in base 14?
-47d858
Convert 33000113022 (base 4) to base 7.
45302226
97611 (base 10) to base 5
11110421
Convert 101101110101000101001 (base 2) to base 16.
16ea29
What is 9208967 (base 10) in base 16?
8c8487
51300677 (base 8) to base 5
10234043110
-121001100122210 (base 3) to base 16
-822774
-124132012 (base 5) to base 11
-38a867
-4204200312 (base 5) to base 15
-b61a57
What is -28d460 (base 14) in base 6?
-50231500
What is 34748 (base 15) in base 10?
167018
What is 431198 (base 10) in base 12?
189652
Convert -12112110110 (base 3) to base 4.
-122212131
What is -2387476 (base 10) in base 4?
-21012320110
35224 (base 15) to base 5
20403414
What is -53350606 (base 7) in base 9?
-8468567
-2849059 (base 11) to base 12
-1784a75
What is -10221401 (base 6) in base 5?
-34022231
What is 12549 (base 14) in base 7?
245022
Convert 43e17 (base 15) to base 7.
1556101
What is 3353511 (base 6) in base 4?
221221303
27444514 (base 8) to base 10
6179148
51498 (base 14) to base 10
195742
Convert 7435657 (base 8) to base 2.
111100011101110101111
Convert 53324757 (base 8) to base 3.
210102020010002
What is -1684496 (base 15) in base 10?
-16366416
Convert -483514 (base 9) to base 15.
-5b494
What is 626527 (base 8) in base 5?
23130330
201210000220120 (base 3) to base 8
50062031
-d95cb7 (base 14) to base 16
-703559
8aba4 (base 15) to base 8
1536043
What is -aa06 (base 14) in base 11?
-20103
What is 512304 (base 8) in base 13?
5bcc0
What is -144143050 (base 7) in base 11?
-5438392
What is 203164034 (base 7) in base 9?
24370465
-120001111 (base 3) to base 4
-2223133
-122001212200210 (base 3) to base 4
-202212231132
What is -10110000111000101001110 (base 2) in base 14?
-aac446
142402100 (base 5) to base 3
1101221220020
What is -201742 (base 9) in base 2?
-11101001010001000
Convert -300120301 (base 4) to base 9.
-331774
52585c (base 15) to base 14
73d619
What is 11010002221 (base 3) in base 7?
455101
Convert 882706 (base 10) to base 13.
24ba16
-2022211101022 (base 3) to base 15
-196642
What is 15731735 (base 8) in base 10?
3650525
What is 10100101001010111 (base 2) in base 9?
138003
What is -13205675 (base 8) in base 4?
-23100232331
What is -6222636 (base 9) in base 3?
-20020202201020
Convert -2213000333 (base 4) to base 9.
-1252355
Convert 205058 (base 16) to base 4.
20011001120
1136127 (base 12) to base 5
1321320232
Convert -6c627 (base 14) to base 8.
-1004673
c4369 (base 16) to base 3
1111211110021
Convert 5232322 (base 7) to base 16.
99c97
What is 10224431021 (base 5) in base 3?
202021200120022
What is 5036677 (base 8) in base 6?
44233155
What is 12816 (base 11) in base 9?
27070
What is 54d54 (base 15) in base 7?
2202043
Convert 164072 (base 12) to base 2.
1011100110101010110
-2087104 (base 10) to base 14
-3c486c
83a915 (base 14) to base 12
15a5647
540767 (base 8) to base 13
64351
Convert -3140333 (base 5) to base 6.
-1043253
Convert 1301414 (base 8) to base 5.
43024403
-11110110000101000110001 (base 2) to base 8
-36605061
What is -130516310 (base 7) in base 6?
-454225222
Convert -63064 (base 7) to base 2.
-11110001111001
-1463771 (base 8) to base 16
-667f9
Convert -11111111100110101001100 (base 2) to base 13.
-19733c1
What is -30320112 (base 4) in base 9?
-80330
11a2ce (base 15) to base 8
3161152
What is -2455255 (base 6) in base 7?
-1060040
-31050320 (base 6) to base 11
-55aa77
5202a (base 13) to base 3
21110222011
Convert -3112002323 (base 4) to base 2.
-11010110000010111011
What is 5c07d (base 16) in base 12?
162191
-2a3473 (base 13) to base 5
-231114212
What is -244884b (base 12) in base 13?
-1604b49
-9a99 (base 14) to base 5
-1324131
Convert -640632 (base 13) to base 15.
-31438c
-101111011111000001 (base 2) to base 13
-6a6b4
What is 215482 (base 9) in base 16?
1f6be
-20231131 (base 5) to base 4
-220022331
What is 152401234 (base 6) in base 14?
5d590a
What is 1426633 (base 7) in base 8?
567067
Convert -541aa96 (base 11) to base 15.
-c84135
1336584 (base 10) to base 9
2456403
What is -34609 (base 16) in base 10?
-214537
Convert -42534 (base 11) to base 8.
-170654
What is 5532300 (base 7) in base 10?
680316
What is 15042253 (base 7) in base 2?
101011011001110000110
Convert -b4496 (base 16) to base 12.
-2b741a
Convert 27bb5 (base 13) to base 8.
221414
Convert -301231211 (base 4) to base 13.
-718b2
Convert 2120201121 (base 3) to base 12.
254ba
Convert -6643642 (base 8) to base 15.
-254ac5
-131433 (base 12) to base 11
-1a44a4
What is 3504161 (base 7) in base 13?
124748
What is -12022010103 (base 4) in base 16?
-18a113
What is -10495d (base 15) in base 14?
-162604
31124013 (base 6) to base 8
3331251
-11111000100100011000100 (base 2) to base 14
-1120484
What is -a07321 (base 14) in base 12?
-1983a69
What is -a8c752 (base 13) in base 3?
-21110122111012
What is -184557 (base 9) in base 8?
-340336
What is -4021040234 (base 5) in base 9?
-16023022
What is 65b32 (base 12) in base 10?
134678
Convert 123324420 (base 5) to base 16.
93b39
What is -366774 (base 8) in base 5?
-13021320
715480 (base 9) to base 15
85930
Convert 53113424 (base 6) to base 2.
101111010010011011000
-22121211110 (base 3) to base 7
-1304565
Convert -100202321222 (base 4) to base 15.
-5aa1a8
Convert 1113154 (base 8) to base 4.
1021121230
21113100233 (base 4) to base 16
25742f
-244808 (base 10) to base 13
-87575
Convert -702b (base 13) to base 5.
-443131
673308 (base 9) to base 2
1100010010011100011
10033013000 (base 4) to base 8
4170700
What is 1012111100220 (base 3) in base 11?
3a75a5
What is -8243673 (base 9) in base 8?
-20617021
Convert 22003442 (base 5) to base 16.
2de5d
What is 34551141 (base 6) in base 13?
2b6c7b
What is -5730783 (base 9) in base 4?
-23302212321
What is 21202222031 (base 4) in base 5?
1120020021
Convert 47074 (base 10) to base 15.
de34
What is -787298 (base 12) in base 14?
-37db00
-10120a (base 11) to base 4
-213231022
Convert 142127 (base 11) to base 9.
368101
Convert 123011122 (base 4) to base 13.
3b659
Convert a071 (base 16) to base 3.
2002100020
What is -56be2 (base 15) in base 13?
-98867
Convert -111322422 (base 5) to base 4.
-1320330002
11113211203 (base 4) to base 3
2122111111101
What is 1001201020121020 (base 3) in base 5?
12401243022
What is 204a00 (base 15) in base 12?
620030
What is 5665103 (base 8) in base 14?
2bd335
What is -10111210120012 (base 3) in base 5?
-434202141
-3054225 (base 8) to base 11
-502994
-37643 (base 10) to base 4
-21030023
Convert -124130404 (base 6) to base 7.
-26502436
-5199815 (base 10) to base 13
-1100a1a
Convert 137da (base 15) to base 12.
3022a
Convert 1133203331 (base 4) to base 7.
3220112
What is -1226591 (base 11) in base 9?
-4008044
-1002aa8 (base 13) to base 2
-10010011011111100000111
Convert 31a2020 (base 11) to base 4.
111131033330
-197b2 (base 13) to base 16
-c1fe
Convert -5070900 (base 11) to base 3.
-121212021201000
What is 361c4 (base 14) in base 12?
64528
Convert 112013312 (base 4) to base 11.
62097
Convert -3288353 (base 12) to base 13.
-1cc4b92
-1310523 (base 6) to 